 27/5 - (-2)/(-5). What are the prime factors of k(x)?
2, 3, 5
What are the prime factors of (-4032)/(-78)*7 + 2/13?
2, 181
Let b be (3 - 1) + (0 - 26). Suppose 3*g = -14 + 2. Let c = g - b. What are the prime factors of c?
2, 5
Suppose 3*k + 3*r = -k + 1162, 3*r = -2*k + 584. List the prime factors of k.
17
Let a(v) be the first derivative of 17*v**4/6 - 8*v - 8. Let h(p) be the first derivative of a(p). List the prime factors of h(-1).
2, 17
Suppose -8*l + 5985 + 2071 = 0. List the prime factors of l.
19, 53
Let v = 366 - 188. List the prime factors of v.
2, 89
Suppose -4*p + 5*v = -59 + 216, -5*p - 150 = 3*v. Let h be 144/(-20)*15/(-2). Let a = h + p. List the prime factors of a.
3, 7
Suppose -3*n + 14 = -1. Let h(x) = 3*x**2 + x - 7. List the prime factors of h(n).
73
Let c(y) = -15*y**3 - 2*y**2 - 2*y. Let s be c(-1). Suppose -90 = -3*p - s. List the prime factors of p.
5
Let n(i) = 559*i**3 + 26*i - 49. What are the prime factors of n(2)?
5, 179
Let y(z) = z**3 - 4*z**2 - 11*z + 5. Let j be y(-6). Let u = -153 - j. List the prime factors of u.
2, 17
Let w = 109 - 58. Suppose -2*s = s - w. Suppose -m + s = -0*m. List the prime factors of m.
17
Let p = 223 + 841. List the prime factors of p.
2, 7, 19
Suppose -2*w = -39 + 13. Suppose 2*p - w = -1. What are the prime factors of ((-3)/p)/((-2)/56)?
2, 7
Let y(o) = 21*o - 1. Let j = -5 - -11. Suppose 3*t - 9 = 3*p, 4*p - j = -t + 2. What are the prime factors of y(p)?
2, 5
Suppose -91*l + 2508 = -88*l. What are the prime factors of l?
2, 11, 19
Suppose 2358 = -46*r + 49*r. List the prime factors of r.
2, 3, 131
Suppose -4*h + 4*y = -104, -38 - 42 = -3*h + y. What are the prime factors of h?
3
Let z = -60 + 1481. Suppose 20*m - 2199 = z. What are the prime factors of m?
181
Let m(c) = 105*c**2 + 4*c - 16. List the prime factors of m(2).
2, 103
List the prime factors of 1*(1 - 5) + -2 + 27.
3, 7
Let n(g) = -g**3 - 21*g**2 - 2*g - 5. Let x be n(-21). Suppose -4*b - b - 3*u + x = 0, 5*u = b - 13. List the prime factors of b.
2
Suppose -28944 = -394*k + 370*k. List the prime factors of k.
2, 3, 67
Suppose 2355 = 3*m - y, -y + 2*y = 4*m - 3140. What are the prime factors of m?
5, 157
Let n(r) = 2*r**2 + 2*r - 19. Let p(o) = -3*o + 8. Let k be p(5). What are the prime factors of n(k)?
5, 13
List the prime factors of -6 - (-5 - (6 + 137)).
2, 71
Let r be (30/20)/(1/(-2)). What are the prime factors of (-14)/21*19*r?
2, 19
Suppose -2*y - 3*d = -1438, 0 = -2*d + 7*d. Suppose -10*m = -1889 + y. List the prime factors of m.
3, 13
Suppose -190 = -9*i + 4*i. Let w be (-3)/(-12) + i/8. Suppose 0 = -3*j - j - 5*o + 82, -5*o - 80 = -w*j. What are the prime factors of j?
2, 3
Let q(d) = 3*d**3 - 8*d**2 - d - 65. What are the prime factors of q(9)?
5, 293
Suppose -2*a + 2*k = 6*k - 1044, 0 = -2*a - k + 1044. List the prime factors of a.
2, 3, 29
Suppose -3*u = -0*u + 42. Let y = u + 12. List the prime factors of 0 + 2 + (-30)/y.
17
Suppose -2*m + 31 = 5*a, 2*m + 3*a - 69 = -2*m. Let p be (m/(-4))/((-7)/154). Let o = -66 + p. What are the prime factors of o?
3, 11
Let g(u) = 2*u - 8. Let p be g(0). Let m = -8 - p. Suppose k + 5 = m, 2*d - 47 = 3*k - 0*k. What are the prime factors of d?
2
Let d(q) = -q**2 + 13*q - 20. Let n be d(10). Suppose -n*t = -t - 1206. List the prime factors of t.
2, 67
Suppose 2*p - 1121 = -n, 3*p - 2529 = 2*n - 858. List the prime factors of p.
13, 43
Let j(n) = -2*n**2 + n + 15. Let p be j(12). Let k = -154 - p. What are the prime factors of k?
107
What are the prime factors of -5 + 6 + -7 + 776?
2, 5, 7, 11
Let b = 1869 - 984. What are the prime factors of b?
3, 5, 59
Suppose -2*a + 2*l + 6212 = 0, 40*l = -4*a + 38*l + 12412. What are the prime factors of a?
2, 97
Suppose 0 = -2*c - n + 47 + 248, 2*c = n + 293. List the prime factors of c.
3, 7
Suppose 2*i - 12 = -0*i. Suppose 3*m = 5*m - i. Suppose 4*d + 0 = m*b + 35, d = -4*b + 23. What are the prime factors of d?
11
Suppose -3*q - 8*q + 539 = 0. Let s = q + -11. List the prime factors of s.
2, 19
Let y = -878 - -941. What are the prime factors of y?
3, 7
Let n be 66/(-2)*(-41)/123. Let b be (-29)/(-1 - (1 + -1)). Let m = b - n. What are the prime factors of m?
2, 3
Suppose 0 = -14*q - 26*q + 40640. What are the prime factors of q?
2, 127
Let s(w) = 72*w**2 - 4 + 4 + 23*w**2. List the prime factors of s(1).
5, 19
Let f = -5 - -5. Suppose -4*z - 12 = -4*j, 5*z = -f*j - 3*j + 17. Suppose -4*a = p - z, 4*p - a - 47 = -p. What are the prime factors of p?
3
Let b be -7*2*2/(-28). Let r be -8 - (-1 + b - 4). What are the prime factors of 62/r*(-2 + 0)?
31
Suppose 2*p = 135 - 35. Let o = 2 - 2. Suppose -p = -5*f - o*f. What are the prime factors of f?
2, 5
Suppose 4*l = 9*l. Suppose u = -l*h - 4*h + 471, 585 = 5*h + 2*u. What are the prime factors of h?
7, 17
Let p be (-2)/(-3) - (-10)/30. Let w be (7/((-21)/6))/p. What are the prime factors of (-3)/w*(17 + -13)?
2, 3
Let i(k) be the second derivative of k**5/120 - k**4/12 - 3*k**3/2 - 2*k. Let w(a) be the second derivative of i(a). List the prime factors of w(7).
5
Suppose 3*l + 2*a - 766 = -0*a, -3*l - 5*a = -781. List the prime factors of l.
2, 3, 7
Suppose -48 = -3*u - 5*o, o - 5*o = -3*u + 75. Let c = u - 13. List the prime factors of c.
2
Let s(j) = 2*j**2 - 2*j - 2. Let k be (-4)/((-9)/(36/8)). Let u be s(k). Suppose 3*t - 4*l - 161 = 0, 2*t = -u*l - 2*l + 94. List the prime factors of t.
3, 17
Let t = 0 + -19. Let b(v) = -v**3 - 20*v**2 - 21*v - 23. List the prime factors of b(t).
3, 5
Suppose -2*c - 317 = -t, -4*c + t + 4*t - 619 = 0. Let q = c + 328. What are the prime factors of q?
167
Suppose 3*s - 5303 + 1163 = 0. List the prime factors of s.
2, 3, 5, 23
Let p be (2 - -106)/(-4) - -1. Let l = 11 + p. List the prime factors of 477/15 - 3/l.
2
Let i = -211 - -115. Let r = -1 - i. What are the prime factors of r?
5, 19
Let f(q) = 2*q**2 - 35*q - 54. What are the prime factors of f(22)?
2, 3
Let s = -59 + 101. Suppose 2*l - s = -t + 38, -l = 3*t - 45. List the prime factors of l.
3, 13
Let y(o) = -o - 4*o**2 + 2*o**2 + 3*o - 1. Let p be y(1). Let i = 7 + p. What are the prime factors of i?
2, 3
Let o(m) = 414*m**2 + 4*m - 1. List the prime factors of o(1).
3, 139
Suppose 5*w = -h + 148, 3*w + 5*h = w + 50. What are the prime factors of (-33)/(w/160*(-2 - 0))?
2, 11
Suppose 4*c = 16, 6*d - d = -4*c + 51. List the prime factors of -5 + 625/7 - 2/d.
2, 3, 7
Let a = -458 + 466. List the prime factors of a.
2
Let p = 65 + 10. Suppose -121 = -7*c + p. List the prime factors of c.
2, 7
Let n(q) = 2*q - 12. Let w be n(8). Suppose -4*j = 8 - w. List the prime factors of (-2*(-3)/(-2))/j.
3
Let a(p) = 5*p + 10. Let w be a(-4). Let o = -8 - w. Suppose 58 = 3*z + o*z + 3*x, -2*z - 2*x = -24. List the prime factors of z.
11
Suppose 16 = -4*f, -5*v + 4*f = -v - 3624. What are the prime factors of v?
2, 11, 41
Suppose 2*v + 2*v = 4*j - 24, -j + 12 = -4*v. Suppose -5 = 5*k, -j*a + 0*k + 2*k = -114. What are the prime factors of a?
2, 7
Suppose -11*z = -1512 - 1381. What are the prime factors of z?
263
Let w be 0 + (110 + 2)*1. Suppose h - 30 - w = 0. What are the prime factors of h?
2, 71
Suppose -c + 9 = -2. Suppose 13*d - c*d - 4 = 0. Suppose a = -2*z + 38, -d*z - 14 - 20 = -a. What are the prime factors of a?
2, 3
Suppose 2*a - 5*f = 5, -20 = a - 6*a + 5*f. Suppose -l = -3*l - a*d + 80, -103 = -3*l + d. What are the prime factors of l?
5, 7
Suppose -2*z + 9 = -3*d, -6 = z - d + 3*d. Suppose 5*l - 78 - 12 = z. Suppose 4*u = 90 - l. List the prime factors of u.
2, 3
Let y(j) = -35*j + 498. List the prime factors of y(-10).
2, 53
List the prime factors of -8 - -4 - -1288 - (-8 - -5).
3, 11, 13
Let t be 4*(-3)/(-4) + -1. Suppose -t*z - 3*g = -3*z - 42, -z - 22 = g. What are the prime factors of (261/z)/((-1)/3)?
29
List the prime factors of (-2*4)/(8610/2155 + -4).
2, 431
Let p be -2*(2 + 12/(-4)). Suppose -p*m + 111 - 31 = 0. List the prime factors of m.
2, 5
Let t(g) = g**2 - 2*g - 3. Let j be t(3). Suppose 13*c - 18*c + 400 = j. Suppose -5*o + 3*y + 138 = 0, y = -4*o + o + c. List the prime factors of o.
3
Let v = 1756 - 839. Suppose 6*b = -b + v. List the prime factors of b.
131
Let z(c) = c**2 - 4. Let k(i) = -i**2 + i + 4. Let j(m) = 3*k(m) + 4*z(m). Let q be j(-4). Suppose -2*d + 34 = -